31472?
True
Is 352907267 a multiple of 17?
True
Is 155 a factor of 153446590?
True
Is 48063812 a multiple of 289?
False
Is 6 a factor of 37631629?
False
Does 459 divide 75257640?
True
Does 5 divide 1188545?
True
Is 6445578 a multiple of 239?
False
Is 176776993 a multiple of 4?
False
Is 812018289 a multiple of 1284?
False
Is 198 a factor of 34257783?
False
Is 2583036 a multiple of 3?
True
Does 27 divide 1254374446?
False
Is 30 a factor of 2652623580?
True
Is 165 a factor of 59287857?
False
Does 6 divide 643665144?
True
Does 652 divide 14805026?
False
Is 166186134 a multiple of 54?
True
Does 58 divide 160702247?
False
Is 23366868 a multiple of 12?
True
Does 31 divide 145736316?
False
Does 1050 divide 93007465?
False
Is 1138 a factor of 20732084?
True
Does 52 divide 84015019?
False
Does 45 divide 65654685?
True
Is 113 a factor of 34901293?
True
Is 237918765 a multiple of 7?
True
Is 188 a factor of 24343180?
True
Is 1659 a factor of 54524694?
True
Does 782 divide 119193397?
False
Is 1762 a factor of 226848649?
False
Is 986 a factor of 349847590?
True
Is 2 a factor of 106190268?
True
Does 59 divide 8029546?
True
Is 487813164 a multiple of 2346?
True
Is 615 a factor of 213492945?
True
Is 1198014314 a multiple of 2402?
True
Does 772 divide 253313143?
False
Does 3787 divide 20939316?
False
Is 104 a factor of 31832944?
True
Is 1220685312 a multiple of 329?
False
Does 248 divide 5216237568?
True
Does 197 divide 849858?
True
Does 48 divide 1359237775?
False
Is 32 a factor of 164121529?
False
Does 22 divide 1744863907?
False
Is 11 a factor of 25669985?
True
Is 20 a factor of 163304212?
False
Is 860 a factor of 375811658?
False
Is 63538561 a multiple of 31?
True
Is 6825 a factor of 3298457238?
False
Does 41 divide 2138253223?
False
Is 6 a factor of 153260823?
False
Is 900 a factor of 6315061?
False
Is 491632189 a multiple of 35?
False
Does 57 divide 40961322?
False
Is 121264728 a multiple of 9?
False
Does 688 divide 21394984?
False
Is 141277373 a multiple of 37?
False
Is 14810977 a multiple of 404?
False
Is 24320954 a multiple of 7?
True
Is 87 a factor of 445458531?
True
Does 4 divide 165757524?
True
Does 71 divide 10813470?
False
Is 238246175 a multiple of 607?
False
Does 10 divide 68088917?
False
Is 726 a factor of 16757532?
True
Does 5 divide 137555839?
False
Does 8076 divide 1187783774?
False
Is 10068764 a multiple of 242?
False
Is 205 a factor of 26481813?
False
Does 16 divide 342719068?
False
Does 77 divide 73441522?
True
Does 19 divide 58483255?
False
Does 2029 divide 676814718?
False
Is 7715 a factor of 1364189704?
False
Does 442 divide 1238758?
False
Is 262113360 a multiple of 240?
True
Is 8 a factor of 62725576?
True
Is 6 a factor of 51224962?
False
Is 689 a factor of 600851118?
False
Is 473 a factor of 17773019?
False
Does 101 divide 1797034490?
False
Is 370914739 a multiple of 1786?
False
Does 255 divide 88059475?
False
Does 166 divide 239563066?
True
Is 1189796315 a multiple of 22?
False
Is 6265 a factor of 159644730?
True
Does 61 divide 10512252?
True
Does 31 divide 2174846508?
False
Does 5 divide 120759623?
False
Is 3996934921 a multiple of 155?
False
Is 797 a factor of 1384522766?
False
Is 2 a factor of 29627002?
True
Is 415036611 a multiple of 276?
False
Is 2788 a factor of 147577204?
True
Does 661 divide 260642876?
True
Is 59 a factor of 551307828?
False
Does 37 divide 21997760?
False
Is 231163132 a multiple of 1847?
True
Is 19604025 a multiple of 15?
True
Is 25 a factor of 2072631781?
False
Does 6172 divide 936989836?
True
Is 456998936 a multiple of 4?
True
Is 94112577 a multiple of 6201?
True
Is 110244820 a multiple of 20?
True
Is 1594 a factor of 15781318?
False
Does 728 divide 121304456?
True
Is 1518 a factor of 488071914?
True
Does 40 divide 2086354206?
False
Does 9580 divide 613915140?
True
Is 87206520 a multiple of 12?
True
Does 352 divide 2112464992?
True
Is 7428 a factor of 1222689252?
False
Does 9 divide 181344334?
False
Is 538 a factor of 6388212?
True
Is 10776897 a multiple of 7?
False
Does 72 divide 74723840?
False
Does 83 divide 267352628?
True
Is 25141068 a multiple of 12?
True
Is 1161583980 a multiple of 12?
True
Is 143914325 a multiple of 755?
True
Is 71632476 a multiple of 18?
True
Is 3 a factor of 5893487?
False
Is 1899 a factor of 45807678?
True
Is 61448958 a multiple of 739?
False
Is 9 a factor of 34836372?
True
Does 1814 divide 591280556?
True
Does 76 divide 2854077?
False
Is 292807711 a multiple of 1515?
False
Does 66 divide 143072886?
True
Is 1738925 a multiple of 168?
False
Is 216105867 a multiple of 103?
False
Is 23 a factor of 18985329?
False
Is 1876453312 a multiple of 64?
True
Does 1819 divide 5549674412?
True
Is 994000081 a multiple of 17?
True
Does 473 divide 190054238?
True
Is 2236625921 a multiple of 5982?
False
Does 37 divide 62816336?
False
Is 106 a factor of 197475138?
True
Does 2920 divide 302622960?
True
Does 151 divide 3493234?
True
Is 145226441 a multiple of 13?
False
Is 42 a factor of 97734?
True
Is 1720 a factor of 199995372?
False
Does 17 divide 29907000?
False
Is 20 a factor of 1345071680?
True
Is 37553124 a multiple of 14?
True
Is 19 a factor of 103431478?
True
Is 22 a factor of 901718576?
True
Is 7379654 a multiple of 1478?
True
Is 4372399 a multiple of 175?
False
Does 129 divide 3691023?
False
Is 727617388 a multiple of 76?
True
Is 37087470 a multiple of 90?
True
Does 505 divide 128850750?
True
Is 582509230 a multiple of 1842?
False
Is 135456408 a multiple of 12?
True
Is 22179308 a multiple of 2318?
False
Is 14481236 a multiple of 72?
False
Is 1578 a factor of 456664077?
False
Is 54237904 a multiple of 784?
True
Is 20 a factor of 470122700?
True
Does 12 divide 6480603236?
False
Is 3162 a factor of 2031507360?
False
Does 179 divide 45201447?
False
Is 13 a factor of 79287988?
True
Is 17 a factor of 70626294?
False
Does 19 divide 807706058?
False
Is 577379718 a multiple of 11?
False
Does 154 divide 22139964?
True
Does 2 divide 6303763?
False
Is 124 a factor of 1887560636?
False
Is 409663812 a multiple of 12?
True
Does 232 divide 318196352?
True
Does 144 divide 596004048?
True
Is 293499072 a multiple of 558?
True
Is 38 a factor of 114489820?
True
Does 3243 divide 88972468?
False
Does 23 divide 32199711?
False
Is 2221489228 a multiple of 184?
False
Does 127 divide 6534836?
False
Is 1228951977 a multiple of 19?
True
Is 5978 a factor of 549560845?
False
Is 31 a factor of 27966123?
True
Is 215 a factor of 38006410?
True
Is 858 a factor of 244863337?
False
Does 188 divide 342840560?
True
Is 13169805 a multiple of 4?
False
Does 17 divide 6278791?
False
Is 590 a factor of 1171826724?
False
Is 3411322 a multiple of 34?
True
Does 13 divide 366208?
False
Does 46 divide 354618784?
True
Is 3593781846 a multiple of 387?
True
Does 59 divide 4913045?
False
Is 25593513 a multiple of 157?
False
Is 36 a factor of 2040848939?
False
Does 1037 divide 150828550?
False
Is 125964889 a multiple of 492?
False
Is 370 a factor of 34898529?
False
Does 7 divide 34098344?
True
Is 578183976 a multiple of 279?
True
Is 64 a factor of 738344064?
True
Is 27509328 a multiple of 45?
False
Is 1368684406 a multiple of 6904?
False
Is 195 a factor of 26317395?
True
Does 330 divide 9323490?
True
Does 73 divide 20540375?
True
Is 1043226712 a multiple of 2536?
True
Is 569905160 a multiple of 1613?
True
Is 188 a factor of 2532121063?
False
Is 22029576 a multiple of 678?
True
Is 88406554 a multiple of 1724?
False
Does 20 divide 4092184280?
True
Is 1927 a factor of 13768415?
True
Is 1570 a factor of 261879140?
True
Is 352 a factor of 97103321?
False
Does 37 divide 330303938?
False
Does 6 divide 16073048?
False
Is 108550965 a multiple of 35?
False
Does 47 divide 703778?
True
Is 7218848 a multiple of 224?
True
Is 38414649 a multiple of 39?
True
Does 6 divide 338190832?
False
Is 4075819 a multiple of 7?
False
Does 2264 divide 27989832?
True
Does 1139 divide 22216055?
False
Is 91149658 a multiple of 3446?
False
Does 325 divide 549822650?
True
Is 166 a factor of 12677420?
True
Is 363 a factor of 272796811?
False
Is 245125343 a multiple of 634?
False
Is 182907900 a multiple of 1050?
True
Does 39 divide 10021011?
True
Is 1157 a factor of 613157935?
True
Is 14 a factor of 169075550?
True
Is 60301162 a multiple of 4?
False
Is 278 a factor of 16409